 is the tens digit of w?
2
Let b be ((-16)/3)/((-16)/264). Let q be (-6)/(4/b*-3). Let s = q + -34. What is the units digit of s?
0
Let t(o) = 2038*o - 88. What is the hundreds digit of t(1)?
9
Let c(b) be the first derivative of 4*b**3/3 + 4*b**2 + 3*b - 9. What is the tens digit of c(-5)?
6
What is the units digit of -9 + 60136/120 + (-2)/15?
2
Suppose 5*n - 3*r - 26 = 0, 22 = 4*n - 4*r + r. Suppose -111 = -p + n*p. Let o = 68 + p. What is the units digit of o?
1
What is the hundreds digit of 51357/33 + 6/(-22)?
5
Let s = -495 - -1397. What is the hundreds digit of s?
9
Let a(d) = 3*d**3 + 2*d**2 + 4*d - 5. Let g be a(-4). Let q = -128 - g. What is the tens digit of q?
5
Suppose 5*n = -3*k + 26, -3*k + n = -7*k + 12. Suppose k*c - 3*c + 93 = 0. What is the units digit of c?
3
What is the units digit of (3 - 3102/1)*42/(-42)?
9
Suppose 5*s = -5*j + 7070, -4*j + 6625 - 979 = 2*s. What is the tens digit of j?
0
Let p be 1*(-1 + 4 + -199). Let o = -135 - p. What is the units digit of o?
1
Suppose 3*n + 4*l + 11 = 2, 2*l + 12 = -4*n. What is the units digit of 36 - n/(-4)*4?
3
Let g(y) = 5*y - 14. Suppose -58 = -5*b + 2. What is the tens digit of g(b)?
4
Suppose 4*f = 32*f - 18144. What is the hundreds digit of f?
6
Let z be 4 + -5 + 8 + 0. Let w be (-3 - z)*10/(-4). Let i = -5 + w. What is the units digit of i?
0
Let v = 2208 + -844. What is the thousands digit of v?
1
Let b(d) = d**2 + 7. Let a be b(0). What is the units digit of a/14 + (-147)/(-6)?
5
Let c = 1763 - 93. What is the units digit of c?
0
Let n(s) be the third derivative of -s**5/60 - 5*s**4/8 + 13*s**3/6 + 19*s**2. What is the units digit of n(-13)?
9
Let b = 841 + -440. What is the tens digit of 16/(-56) + b/7?
5
Suppose n + 5*b = 2506, -8867 - 3663 = -5*n - 4*b. What is the units digit of n?
6
Suppose -j - 38 = -5*j + 2*u, 0 = 5*j + u - 37. Let w(n) be the first derivative of -n**4/4 + 3*n**3 - n**2 + 9*n + 1. What is the tens digit of w(j)?
5
Let s(n) = 2*n**3 - 5*n**2 - 44*n - 23. What is the tens digit of s(10)?
3
Suppose 2*g + 2*g - 36 = 0. Let b be (6/4)/(21/(-56)). Let q = b + g. What is the units digit of q?
5
Suppose -244*l + 32376 = -238*l. What is the hundreds digit of l?
3
Let h(y) = -y**3 - 16*y**2 + 17*y + 7. Let a be h(-17). Let r = 31 + 17. Suppose -4*d - r = -a*d. What is the tens digit of d?
1
Let w = -7 + 12. Suppose 9*h = 5*j + 4*h - 400, 5*j - 350 = -w*h. What is the tens digit of j?
7
Let f = -235 - -394. Let x = 223 - f. What is the units digit of x?
4
Let y(n) = -n**3 - 3*n**2 + 5. Let t be y(-3). Let x be 18/t - (-12)/30. Suppose 0 = 4*i + 2*v - 66, x = 3*v + 1. What is the tens digit of i?
1
Let t = 1247 + -69. What is the thousands digit of t?
1
Let u(c) = -c**3 + 12*c**2 - 11*c + 1. Let l be u(11). Suppose 0 = q + l - 3. Suppose d = q*p - 2*d - 55, p - 55 = -4*d. What is the units digit of p?
5
Let c(g) = g**2 - 2*g - 4. Let h be -4*(-2)/(-8)*-2. Let r(z) = 3*z**2 - 4*z - 9. Let f(b) = h*r(b) - 5*c(b). What is the units digit of f(-5)?
7
Suppose 0 = -4*i - 3 + 15. Let b be -5 + 3 + 33/i. Suppose b = 2*o - 1. What is the units digit of o?
5
Let j = -2 - -14. Let a be 3/(j/28)*-1. Let q = a - -9. What is the units digit of q?
2
What is the thousands digit of -102*(-10 + (-190)/12)?
2
What is the hundreds digit of 68/(-25)*(-35)/14*85?
5
Let v = -19 - -22. Let p(x) = 3*x**2 + 91*x - v - 91*x. What is the tens digit of p(-3)?
2
Let b(r) be the first derivative of -r**2 + 14*r - 11. Suppose 5*f - 4 - 26 = 0. What is the units digit of b(f)?
2
Suppose 4*s - 7 = 1. Suppose -s = 2*m - 3*m - d, -3*d = 0. What is the tens digit of m - (-26 - (-4)/(-4))?
2
Let v = -1892 + 2850. What is the tens digit of v?
5
What is the tens digit of (-2)/4 - 155310/(-60)?
8
Let k = 1932 + -1140. What is the units digit of k?
2
Suppose 29*o - 25*o - 3740 = 0. What is the hundreds digit of o?
9
Let c = 1678 + -927. What is the hundreds digit of c?
7
Suppose -v = 5*m - 303, 5*v - 2*m + m = 1515. Suppose -5*k - 560 = -5*l, 2*l - v = 4*k - 75. What is the tens digit of l?
1
Suppose 5*w + 989 + 1381 = c, 0 = 2*c + 5*w - 4680. What is the hundreds digit of c?
3
Let n(j) be the first derivative of j**3 - 5*j**2/2 - 2*j + 24. Let p(a) = -a + 5. Let i be p(8). What is the units digit of n(i)?
0
Let d = 15 + -26. Let a = 85 + d. What is the tens digit of a?
7
Suppose -12973 = 12*w - 44629. What is the hundreds digit of w?
6
Let u(n) = 164*n - 3. Let d be u(2). Suppose 0*o + 325 = 5*o - 2*i, d = 5*o - 3*i. What is the units digit of o?
5
Let v(p) = -2*p + 14. Let m be v(11). Let h = m + 73. What is the tens digit of h?
6
Suppose 0 = -3*a - 0*a + 6. Suppose -a*n - 4*l = l - 143, 5*n - 2*l = 314. What is the tens digit of n?
6
Let r(z) be the second derivative of -z**3/6 + 13*z**2/2 + 4*z. Let h be r(7). Suppose 2*n = h*n - 8. What is the units digit of n?
2
Suppose 4*n + n + 1 = -k, 0 = 4*k - 5*n - 21. Suppose 3*h - 3*t - 33 = 0, k*h - 35 = -h - 5*t. What is the units digit of h?
9
Let r = 2552 - 1718. What is the units digit of r?
4
Suppose 0 = 22*d + 12591 - 53247. What is the hundreds digit of d?
8
Suppose -39*m - 3032 = -43*m. What is the units digit of m?
8
Let m be -1 + (-1 + 2)*5. Suppose 41 = -m*b + 157. Suppose -3*z = p - b, -z - 7*p - 5 = -3*p. What is the units digit of z?
1
Let y be 0 + 3/(-12) + (-18)/(-8). Let b(u) = 9*u**3 + u**2 + 3*u - 3. What is the tens digit of b(y)?
7
Let f be (2 - -2) + 7 + -5. Let c = 15 - f. What is the units digit of c?
9
Let y = 166 + -155. Suppose -5*z = -5*b + 90, -y*z = -5*b - 14*z + 130. What is the tens digit of b?
2
Let n(a) = -95*a + 2. Let l(f) = -f + 7. Let t be l(8). What is the units digit of n(t)?
7
Let r = -11 - 113. Let c = r + 246. What is the hundreds digit of c?
1
Suppose -2*x + 2198 = 3*b - x, 4*x = 5*b - 3686. What is the tens digit of b?
3
Suppose -c + 1034 = 4*y - 2*y, -3*c + 3*y = -3120. What is the units digit of c?
8
Suppose -3*i - 39 = 6. Let h(f) = -3*f + 5. What is the tens digit of h(i)?
5
Suppose -424 = 9*f - 5*f. Let i = -63 - f. What is the units digit of i?
3
Let r(d) = -d**3 + 33*d**2 + 162*d - 85. What is the thousands digit of r(36)?
1
Let x be ((-4)/1)/4 + 3. Let c(r) = 7*r**2 - r**x - 2*r + 7 - 5*r**2. What is the units digit of c(0)?
7
Let j be (9/(-12))/(2/(-416)). Let o = j + 41. Suppose -z + 0*n = 2*n - 52, 3*n + o = 4*z. What is the units digit of z?
0
Let d(g) = 2*g**2 - g - 6. Let q be d(3). Suppose -8*p - 51 = -q*p. What is the units digit of p?
1
Suppose 5*d - 4085 = -5*j, 2*d - 4*d + 3*j = -1649. What is the hundreds digit of d?
8
Let t(c) = 5 - c + 0 - c + c**3 + 13*c**2. Let r = -63 + 50. What is the units digit of t(r)?
1
Let h = 4144 + -2277. What is the thousands digit of h?
1
Suppose -j + 3 + 5 = 0. Suppose -236 = 4*w - j*w. What is the units digit of w?
9
Let g(i) = -i - 1. Let l(w) = 9*w - 10. Let p(o) = -5*g(o) + l(o). Let r(x) = 13*x - 5. Let m(a) = -6*p(a) + 7*r(a). What is the units digit of m(3)?
6
Let m = 146 - 44. Suppose -m - 3 = -5*n. Suppose -19 = -2*t + n. What is the tens digit of t?
2
Let p(y) = -y + 7. Let t(x) = -5*x**3. Let b be t(-1). Let q be p(b). Suppose j = q*j - 10. What is the units digit of j?
0
Suppose 0 = -9*k - 354 + 4269. Suppose 3*j = -5*g + 435, -3*j + g = 2*g - k. What is the hundreds digit of j?
1
Let v(m) = -279 + 279 + m. Let l(k) = -k - 7. Let j(s) = -2*l(s) + 6*v(s). What is the tens digit of j(5)?
5
What is the tens digit of 141*2*(-4)/(-12)?
9
Suppose 1989 = 6*i + 3*i. What is the tens digit of i?
2
Let w(g) = -g - 11. Let u be w(-14). Suppose u*o + 97 = 493. What is the units digit of o?
2
Suppose -5*t + 5593 = 1643. Let n = 0 + 2. What is the tens digit of t/25 + n/5?
3
Let p be -4 + -5 + 2 + 0. Let v = 18 - p. What is the units digit of v?
5
Suppose 5*r = 4*k - 3 - 32, 5*k - 28 = r. Let f(j) = 4*j + 2. Let d be f(r). What is the units digit of 1179/45 + 2/d?
6
Suppose 0 = 5*i - 19*i + 45850. What is the tens digit of i?
7
Let j(w) = -27*w - 70. Let r be j(-5). What is the units digit of 20205/r + (-8)/(-52)?
1
What is the hundreds digit of 19/57*(-7842)/((-4)/2)?
3
Let w be (-3)/(-3)*(2 + -1). Let c be 20528/(-108) + 20/270. What is the tens digit of (c/(-5) + 3)/w?
4
Let f(s) = s**2 + 7*s + 9. Let v be f(-6). Suppose 59 = 2*y + v. What is the tens d